{"id":17960,"date":"2021-12-28T14:08:46","date_gmt":"2021-12-28T11:08:46","guid":{"rendered":"https:\/\/cekaautomotive.com\/product\/arama-kapagi-3892680001-mercedes-benz-ck18-0152\/"},"modified":"2021-12-28T14:08:49","modified_gmt":"2021-12-28T11:08:49","slug":"arama-kapagi-3892680001-mercedes-benz-ck18-0152","status":"publish","type":"product","link":"https:\/\/cekaautomotive.com\/tr\/urun\/arama-kapagi-3892680001-mercedes-benz-ck18-0152\/","title":{"rendered":"Arama Kapa\u011f\u0131 &#8211; 3892680001 &#8211; Mercedes Benz CK18.0152"},"content":{"rendered":"<h1><strong>Arama Kapa\u011f\u0131<\/strong><\/h1>\n<p>Hemen Bize Ula\u015f\u0131n ve Y\u00fcksek De\u011feri <strong>Arama Kapa\u011f\u0131<\/strong> Ceka Otomotiv&#8217;den Al\u0131n, \u00e7e\u015fitli Kamyon \u015eanz\u0131man Yedek Par\u00e7alar\u0131n\u0131n tan\u0131nm\u0131\u015f \u00fcreticilerinden biri olan.Bu \u00fcr\u00fcnlerin tasar\u0131m\u0131 ve \u00fcretimi, T\u00fcrkiye ve D\u00fcnya end\u00fcstrisindeki en son trendlere ve standartlara uygundur. <strong>Arama Kapa\u011f\u0131<\/strong> uygun fiyat\u0131 ve y\u00fcksek dayan\u0131kl\u0131l\u0131\u011f\u0131 nedeniyle piyasada olduk\u00e7a pop\u00fclerdir.<\/p>\n<h2><strong>Arama Kapa\u011f\u0131 Features<\/strong><\/h2>\n<ul>\n<li>1 Y\u0131l Garanti<\/li>\n<li>Y\u00fcksek Dayan\u0131kl\u0131l\u0131k<\/li>\n<li>T\u00fcrk Mal\u0131<\/li>\n<li>Teslimata Haz\u0131r<\/li>\n<li>Mercedes Benz<\/li>\n<li>3892680001<\/li>\n<li>Katalog Sayfa No: 48-55<\/li>\n<\/ul>\n<p>&nbsp;<\/p>\n","protected":false},"excerpt":{"rendered":"<p>Ceka Otomotiv, T\u00fcrkiye&#8217;de y\u00fcksek kalitede \u00fcretilmi\u015f, de\u011feri y\u00fcksek, geni\u015f bir <strong>Arama Kapa\u011f\u0131<\/strong> koleksiyonu sunar. Hemen bize ula\u015f\u0131n ve arama yaparak zaman kaybetmeyin.<\/p>\n","protected":false},"featured_media":14480,"template":"","meta":[],"product_brand":[],"product_cat":[92,94,95],"product_tag":[],"class_list":{"0":"post-17960","1":"product","2":"type-product","3":"status-publish","4":"has-post-thumbnail","6":"product_cat-kule-yedek-parcalari","7":"product_cat-ceka-yedek-parcalari","8":"product_cat-g155-16vites-yedek-parcalari","9":"pa_brand-mercedes-benz-tr","11":"first","12":"instock","13":"product-type-simple"},"_links":{"self":[{"href":"https:\/\/cekaautomotive.com\/tr\/wp-json\/wp\/v2\/product\/17960","targetHints":{"allow":["GET"]}}],"collection":[{"href":"https:\/\/cekaautomotive.com\/tr\/wp-json\/wp\/v2\/product"}],"about":[{"href":"https:\/\/cekaautomotive.com\/tr\/wp-json\/wp\/v2\/types\/product"}],"version-history":[{"count":0,"href":"https:\/\/cekaautomotive.com\/tr\/wp-json\/wp\/v2\/product\/17960\/revisions"}],"wp:featuredmedia":[{"embeddable":true,"href":"https:\/\/cekaautomotive.com\/tr\/wp-json\/wp\/v2\/media\/14480"}],"wp:attachment":[{"href":"https:\/\/cekaautomotive.com\/tr\/wp-json\/wp\/v2\/media?parent=17960"}],"wp:term":[{"taxonomy":"product_brand","embeddable":true,"href":"https:\/\/cekaautomotive.com\/tr\/wp-json\/wp\/v2\/product_brand?post=17960"},{"taxonomy":"product_cat","embeddable":true,"href":"https:\/\/cekaautomotive.com\/tr\/wp-json\/wp\/v2\/product_cat?post=17960"},{"taxonomy":"product_tag","embeddable":true,"href":"https:\/\/cekaautomotive.com\/tr\/wp-json\/wp\/v2\/product_tag?post=17960"}],"curies":[{"name":"wp","href":"https:\/\/api.w.org\/{rel}","templated":true}]}}

Arama Kapağı &#8211; 3892680001 &#8211; Mercedes Benz CK18.0152

<h1><strong>Arama Kapağı</strong></h1>
<p>Hemen Bize Ulaşın ve Yüksek Değeri <strong>Arama Kapağı</strong> Ceka Otomotiv&#8217;den Alın, çeşitli Kamyon Şanzıman Yedek Parçalarının tanınmış üreticilerinden biri olan.Bu ürünlerin tasarımı ve üretimi, Türkiye ve Dünya endüstrisindeki en son trendlere ve standartlara uygundur. <strong>Arama Kapağı</strong> uygun fiyatı ve yüksek dayanıklılığı nedeniyle piyasada oldukça popülerdir.</p>
<h2><strong>Arama Kapağı Features</strong></h2>
<ul>
<li>1 Yıl Garanti</li>
<li>Yüksek Dayanıklılık</li>
<li>Türk Malı</li>
<li>Teslimata Hazır</li>
<li>Mercedes Benz</li>
<li>3892680001</li>
<li>Katalog Sayfa No: 48-55</li>
</ul>
<p>&nbsp;</p>

<p>Ceka Otomotiv, Türkiye&#8217;de yüksek kalitede üretilmiş, değeri yüksek, geniş bir <strong>Arama Kapağı</strong> koleksiyonu sunar. Hemen bize ulaşın ve arama yaparak zaman kaybetmeyin.</p>
