{"id":17935,"date":"2021-12-28T14:08:09","date_gmt":"2021-12-28T11:08:09","guid":{"rendered":"https:\/\/cekaautomotive.com\/product\/eksantrik-3892670238-mercedes-benz-ck18-0138\/"},"modified":"2021-12-28T14:08:18","modified_gmt":"2021-12-28T11:08:18","slug":"eksantrik-3892670238-mercedes-benz-ck18-0138","status":"publish","type":"product","link":"https:\/\/cekaautomotive.com\/tr\/urun\/eksantrik-3892670238-mercedes-benz-ck18-0138\/","title":{"rendered":"Eksantrik &#8211; 3892670238 &#8211; Mercedes Benz CK18.0138"},"content":{"rendered":"<h1><strong>Eksantrik<\/strong><\/h1>\n<p>Hemen Bize Ula\u015f\u0131n ve Y\u00fcksek De\u011feri <strong>Eksantrik<\/strong> Ceka Otomotiv&#8217;den Al\u0131n, \u00e7e\u015fitli Kamyon \u015eanz\u0131man Yedek Par\u00e7alar\u0131n\u0131n tan\u0131nm\u0131\u015f \u00fcreticilerinden biri olan.Bu \u00fcr\u00fcnlerin tasar\u0131m\u0131 ve \u00fcretimi, T\u00fcrkiye ve D\u00fcnya end\u00fcstrisindeki en son trendlere ve standartlara uygundur. <strong>Eksantrik<\/strong> uygun fiyat\u0131 ve y\u00fcksek dayan\u0131kl\u0131l\u0131\u011f\u0131 nedeniyle piyasada olduk\u00e7a pop\u00fclerdir.<\/p>\n<h2><strong>Eksantrik Features<\/strong><\/h2>\n<ul>\n<li>1 Y\u0131l Garanti<\/li>\n<li>Y\u00fcksek Dayan\u0131kl\u0131l\u0131k<\/li>\n<li>T\u00fcrk Mal\u0131<\/li>\n<li>Teslimata Haz\u0131r<\/li>\n<li>Mercedes Benz<\/li>\n<li>3892670238<\/li>\n<li>Katalog Sayfa No: 57-64<\/li>\n<\/ul>\n<p>&nbsp;<\/p>\n","protected":false},"excerpt":{"rendered":"<p>Ceka Otomotiv, T\u00fcrkiye&#8217;de y\u00fcksek kalitede \u00fcretilmi\u015f, de\u011feri y\u00fcksek, geni\u015f bir <strong>Eksantrik<\/strong> koleksiyonu sunar. Hemen bize ula\u015f\u0131n ve arama yaparak zaman kaybetmeyin.<\/p>\n","protected":false},"featured_media":14527,"template":"","meta":[],"product_brand":[],"product_cat":[92,95,96],"product_tag":[],"class_list":{"0":"post-17935","1":"product","2":"type-product","3":"status-publish","4":"has-post-thumbnail","6":"product_cat-kule-yedek-parcalari","7":"product_cat-g155-16vites-yedek-parcalari","8":"product_cat-g155-9vites-yedek-parcalari","9":"pa_brand-mercedes-benz-tr","11":"first","12":"instock","13":"product-type-simple"},"_links":{"self":[{"href":"https:\/\/cekaautomotive.com\/tr\/wp-json\/wp\/v2\/product\/17935","targetHints":{"allow":["GET"]}}],"collection":[{"href":"https:\/\/cekaautomotive.com\/tr\/wp-json\/wp\/v2\/product"}],"about":[{"href":"https:\/\/cekaautomotive.com\/tr\/wp-json\/wp\/v2\/types\/product"}],"version-history":[{"count":0,"href":"https:\/\/cekaautomotive.com\/tr\/wp-json\/wp\/v2\/product\/17935\/revisions"}],"wp:featuredmedia":[{"embeddable":true,"href":"https:\/\/cekaautomotive.com\/tr\/wp-json\/wp\/v2\/media\/14527"}],"wp:attachment":[{"href":"https:\/\/cekaautomotive.com\/tr\/wp-json\/wp\/v2\/media?parent=17935"}],"wp:term":[{"taxonomy":"product_brand","embeddable":true,"href":"https:\/\/cekaautomotive.com\/tr\/wp-json\/wp\/v2\/product_brand?post=17935"},{"taxonomy":"product_cat","embeddable":true,"href":"https:\/\/cekaautomotive.com\/tr\/wp-json\/wp\/v2\/product_cat?post=17935"},{"taxonomy":"product_tag","embeddable":true,"href":"https:\/\/cekaautomotive.com\/tr\/wp-json\/wp\/v2\/product_tag?post=17935"}],"curies":[{"name":"wp","href":"https:\/\/api.w.org\/{rel}","templated":true}]}}

<h1><strong>Eksantrik</strong></h1>
<p>Hemen Bize Ulaşın ve Yüksek Değeri <strong>Eksantrik</strong> Ceka Otomotiv&#8217;den Alın, çeşitli Kamyon Şanzıman Yedek Parçalarının tanınmış üreticilerinden biri olan.Bu ürünlerin tasarımı ve üretimi, Türkiye ve Dünya endüstrisindeki en son trendlere ve standartlara uygundur. <strong>Eksantrik</strong> uygun fiyatı ve yüksek dayanıklılığı nedeniyle piyasada oldukça popülerdir.</p>
<h2><strong>Eksantrik Features</strong></h2>
<ul>
<li>1 Yıl Garanti</li>
<li>Yüksek Dayanıklılık</li>
<li>Türk Malı</li>
<li>Teslimata Hazır</li>
<li>Mercedes Benz</li>
<li>3892670238</li>
<li>Katalog Sayfa No: 57-64</li>
</ul>
<p>&nbsp;</p>

<p>Ceka Otomotiv, Türkiye&#8217;de yüksek kalitede üretilmiş, değeri yüksek, geniş bir <strong>Eksantrik</strong> koleksiyonu sunar. Hemen bize ulaşın ve arama yaparak zaman kaybetmeyin.</p>
